{"id":7,"date":"2025-02-16T18:17:58","date_gmt":"2025-02-16T17:17:58","guid":{"rendered":"https:\/\/lecanal.org\/?page_id=7"},"modified":"2025-03-19T18:02:33","modified_gmt":"2025-03-19T17:02:33","slug":"accueil","status":"publish","type":"page","link":"https:\/\/lecanal.org\/","title":{"rendered":"Accueil"},"content":{"rendered":"\t\t<div data-elementor-type=\"wp-page\" data-elementor-id=\"7\" class=\"elementor elementor-7\">\n\t\t\t\t<div class=\"elementor-element elementor-element-23a17b9 e-flex e-con-boxed e-con e-parent\" data-id=\"23a17b9\" data-element_type=\"container\">\n\t\t\t\t\t<div class=\"e-con-inner\">\n\t\t\t\t<div class=\"elementor-element elementor-element-f630e87 elementor-widget elementor-widget-spacer\" data-id=\"f630e87\" data-element_type=\"widget\" data-widget_type=\"spacer.default\">\n\t\t\t\t<div class=\"elementor-widget-container\">\n\t\t\t\t\t\t\t<div class=\"elementor-spacer\">\n\t\t\t<div class=\"elementor-spacer-inner\"><\/div>\n\t\t<\/div>\n\t\t\t\t\t\t<\/div>\n\t\t\t\t<\/div>\n\t\t\t\t\t<\/div>\n\t\t\t\t<\/div>\n\t\t<div class=\"elementor-element elementor-element-2ae631d e-con-full e-flex e-con e-parent\" data-id=\"2ae631d\" data-element_type=\"container\">\n\t\t\t\t<div class=\"elementor-element elementor-element-5a9cf58 elementor-widget elementor-widget-heading\" data-id=\"5a9cf58\" data-element_type=\"widget\" data-widget_type=\"heading.default\">\n\t\t\t\t<div class=\"elementor-widget-container\">\n\t\t\t\t\t<h2 class=\"elementor-heading-title elementor-size-default\">Exposition, animation et ateliers autour de l'univers du kimono japonais \u00e0 Briare<\/h2>\t\t\t\t<\/div>\n\t\t\t\t<\/div>\n\t\t\t\t<\/div>\n\t\t<div class=\"elementor-element elementor-element-0d987cb e-con-full e-flex e-con e-parent\" data-id=\"0d987cb\" data-element_type=\"container\">\n\t\t<div class=\"elementor-element elementor-element-7961e22 e-con-full e-flex e-con e-child\" data-id=\"7961e22\" data-element_type=\"container\">\n\t\t\t\t<\/div>\n\t\t<div class=\"elementor-element elementor-element-82bb1fe e-con-full e-flex e-con e-child\" data-id=\"82bb1fe\" data-element_type=\"container\">\n\t\t\t\t<div class=\"elementor-element elementor-element-aba15ad elementor-widget elementor-widget-image\" data-id=\"aba15ad\" data-element_type=\"widget\" data-widget_type=\"image.default\">\n\t\t\t\t<div class=\"elementor-widget-container\">\n\t\t\t\t\t\t\t\t\t\t\t\t\t\t\t<img fetchpriority=\"high\" decoding=\"async\" width=\"587\" height=\"818\" src=\"https:\/\/lecanal.org\/wp-content\/uploads\/2025\/02\/AFFICHE-EXPOSITION-KIMONO-LE-CANAL.png\" class=\"attachment-large size-large wp-image-62\" alt=\"\" srcset=\"https:\/\/lecanal.org\/wp-content\/uploads\/2025\/02\/AFFICHE-EXPOSITION-KIMONO-LE-CANAL.png 587w, https:\/\/lecanal.org\/wp-content\/uploads\/2025\/02\/AFFICHE-EXPOSITION-KIMONO-LE-CANAL-215x300.png 215w\" sizes=\"(max-width: 587px) 100vw, 587px\" \/>\t\t\t\t\t\t\t\t\t\t\t\t\t\t\t<\/div>\n\t\t\t\t<\/div>\n\t\t\t\t<\/div>\n\t\t<div class=\"elementor-element elementor-element-2635d1b e-con-full e-flex e-con e-child\" data-id=\"2635d1b\" data-element_type=\"container\">\n\t\t\t\t<div class=\"elementor-element elementor-element-2e9838b elementor-widget elementor-widget-text-editor\" data-id=\"2e9838b\" data-element_type=\"widget\" data-widget_type=\"text-editor.default\">\n\t\t\t\t<div class=\"elementor-widget-container\">\n\t\t\t\t\t\t\t\t\t<p>LE CANAL soutient du 4 avril au 4 mai 2025 au ch\u00e2teau de Trousse-Barri\u00e8re \u00e0 Briare (45) une exposition pr\u00e9sent\u00e9e par Hannah KHAZNADJI et consacr\u00e9e au kimono japonais, \u00e0 travers une plong\u00e9e dans l&rsquo;univers raffin\u00e9 de ce v\u00eatement iconique.<\/p>\n<p class=\"MsoNormal\">En marge de l\u2019exposition, l\u2019association Le Canal&nbsp;vous propose 4 ateliers gratuits&nbsp;:<o:p><\/o:p><\/p>\t\t\t\t\t\t\t\t<\/div>\n\t\t\t\t<\/div>\n\t\t\t\t<div class=\"elementor-element elementor-element-3af08c1 elementor-widget elementor-widget-text-editor\" data-id=\"3af08c1\" data-element_type=\"widget\" data-widget_type=\"text-editor.default\">\n\t\t\t\t<div class=\"elementor-widget-container\">\n\t\t\t\t\t\t\t\t\t<ul>\n<li><span style=\"color: #333333;\">L<span style=\"text-indent: -18pt; font-family: var( --e-global-typography-text-font-family ), Sans-serif; font-weight: var( --e-global-typography-text-font-weight ); text-align: var(--text-align); background-color: var(--nv-site-bg); font-size: var(--bodyfontsize); letter-spacing: var(--bodyletterspacing); text-transform: var(--bodytexttransform);\">e 13 avril \u00e0 15h00&nbsp;: atelier origami anim\u00e9 par Cor\u00e9lie Bonnard<\/span><\/span><\/li>\n<li><span style=\"color: #333333;\">Le 19 avril \u00e0 15h00&nbsp;: atelier ha\u00efku anim\u00e9 par Kosuke Kawasaki<\/span><\/li>\n<li><span style=\"color: #333333;\">Le 20 avril \u00e0 15h00&nbsp;: atelier litt\u00e9rature japonaise anim\u00e9 par V\u00e9ronique Izambard<\/span><\/li>\n<li><span style=\"color: #333333;\"><!--[endif]-->Le 03 mai \u00e0 15h00&nbsp;: atelier origami anim\u00e9 par Cor\u00e9lie Bonnard<\/span><\/li>\n<\/ul>\t\t\t\t\t\t\t\t<\/div>\n\t\t\t\t<\/div>\n\t\t\t\t<div class=\"elementor-element elementor-element-0df1816 elementor-align-center elementor-widget elementor-widget-button\" data-id=\"0df1816\" data-element_type=\"widget\" data-widget_type=\"button.default\">\n\t\t\t\t<div class=\"elementor-widget-container\">\n\t\t\t\t\t\t\t\t\t<div class=\"elementor-button-wrapper\">\n\t\t\t\t\t<a class=\"elementor-button elementor-button-link elementor-size-sm\" href=\"https:\/\/lecanal.org\/?page_id=117\">\n\t\t\t\t\t\t<span class=\"elementor-button-content-wrapper\">\n\t\t\t\t\t\t\t\t\t<span class=\"elementor-button-text\">R\u00e9servation<\/span>\n\t\t\t\t\t<\/span>\n\t\t\t\t\t<\/a>\n\t\t\t\t<\/div>\n\t\t\t\t\t\t\t\t<\/div>\n\t\t\t\t<\/div>\n\t\t\t\t<div class=\"elementor-element elementor-element-28baf94 elementor-widget elementor-widget-heading\" data-id=\"28baf94\" data-element_type=\"widget\" data-widget_type=\"heading.default\">\n\t\t\t\t<div class=\"elementor-widget-container\">\n\t\t\t\t\t<h2 class=\"elementor-heading-title elementor-size-default\">Autour de l'exposition<\/h2>\t\t\t\t<\/div>\n\t\t\t\t<\/div>\n\t\t\t\t<div class=\"elementor-element elementor-element-c81015d elementor-widget elementor-widget-text-editor\" data-id=\"c81015d\" data-element_type=\"widget\" data-widget_type=\"text-editor.default\">\n\t\t\t\t<div class=\"elementor-widget-container\">\n\t\t\t\t\t\t\t\t\t<p>Le CANAL organise \u00e9galement la vente des bijoux origami de Cor\u00e9lie Bonnard, et une brocante d\u2019objets vintage japonais en partenariat avec la boutique parisienne \u00ab\u00a0Joli Hasard\u00a0\u00bb pendant toute la dur\u00e9e de l\u2019\u00e9v\u00e9nement.<\/p><p>Pr\u00e9sentation de poteries raku par Karina SCHNEIDERS.<\/p><p>Exposition de photographies sur le Japon de Nicolas BOYER.<\/p>\t\t\t\t\t\t\t\t<\/div>\n\t\t\t\t<\/div>\n\t\t\t\t<\/div>\n\t\t<div class=\"elementor-element elementor-element-d6070ae e-con-full e-flex e-con e-child\" data-id=\"d6070ae\" data-element_type=\"container\">\n\t\t\t\t<\/div>\n\t\t\t\t<\/div>\n\t\t<div class=\"elementor-element elementor-element-5915d1f e-con-full e-flex e-con e-parent\" data-id=\"5915d1f\" data-element_type=\"container\" data-settings=\"{&quot;background_background&quot;:&quot;classic&quot;}\">\n\t\t\t\t<div class=\"elementor-element elementor-element-016695f elementor-widget elementor-widget-spacer\" data-id=\"016695f\" data-element_type=\"widget\" data-widget_type=\"spacer.default\">\n\t\t\t\t<div class=\"elementor-widget-container\">\n\t\t\t\t\t\t\t<div class=\"elementor-spacer\">\n\t\t\t<div class=\"elementor-spacer-inner\"><\/div>\n\t\t<\/div>\n\t\t\t\t\t\t<\/div>\n\t\t\t\t<\/div>\n\t\t\t\t<div class=\"elementor-element elementor-element-ac83466 elementor-widget elementor-widget-heading\" data-id=\"ac83466\" data-element_type=\"widget\" data-widget_type=\"heading.default\">\n\t\t\t\t<div class=\"elementor-widget-container\">\n\t\t\t\t\t<h2 class=\"elementor-heading-title elementor-size-default\">Une biblioth\u00e8que de village pour tous : projet de cr\u00e9ation<\/h2>\t\t\t\t<\/div>\n\t\t\t\t<\/div>\n\t\t\t\t<div class=\"elementor-element elementor-element-25c2bc9 elementor-widget elementor-widget-heading\" data-id=\"25c2bc9\" data-element_type=\"widget\" data-widget_type=\"heading.default\">\n\t\t\t\t<div class=\"elementor-widget-container\">\n\t\t\t\t\t<h2 class=\"elementor-heading-title elementor-size-default\">Un projet de cr\u00e9ation \u00e0 Saint Firmin sur Loire<\/h2>\t\t\t\t<\/div>\n\t\t\t\t<\/div>\n\t\t\t\t<\/div>\n\t\t<div class=\"elementor-element elementor-element-2aba103 e-flex e-con-boxed e-con e-parent\" data-id=\"2aba103\" data-element_type=\"container\" data-settings=\"{&quot;background_background&quot;:&quot;classic&quot;}\">\n\t\t\t\t\t<div class=\"e-con-inner\">\n\t\t<div class=\"elementor-element elementor-element-739a3d9 e-con-full e-flex e-con e-child\" data-id=\"739a3d9\" data-element_type=\"container\">\n\t\t\t\t<div class=\"elementor-element elementor-element-15e99f3 elementor-widget elementor-widget-heading\" data-id=\"15e99f3\" data-element_type=\"widget\" data-widget_type=\"heading.default\">\n\t\t\t\t<div class=\"elementor-widget-container\">\n\t\t\t\t\t<h2 class=\"elementor-heading-title elementor-size-default\">Un lieu de savoir<\/h2>\t\t\t\t<\/div>\n\t\t\t\t<\/div>\n\t\t\t\t<div class=\"elementor-element elementor-element-81798a9 elementor-widget elementor-widget-text-editor\" data-id=\"81798a9\" data-element_type=\"widget\" data-widget_type=\"text-editor.default\">\n\t\t\t\t<div class=\"elementor-widget-container\">\n\t\t\t\t\t\t\t\t\t<p>La biblioth\u00e8que Le CANAL favorise le d\u00e9veloppement des comp\u00e9tences, encourage la curiosit\u00e9 et apporte aide et soutien \u00e0 tous ceux qui le souhaitent, tout en offrant la possibilit\u00e9 de d\u00e9couvrir la richesse de patrimoines culturels vari\u00e9s<\/p>\t\t\t\t\t\t\t\t<\/div>\n\t\t\t\t<\/div>\n\t\t\t\t<div class=\"elementor-element elementor-element-93f86a6 elementor-widget elementor-widget-heading\" data-id=\"93f86a6\" data-element_type=\"widget\" data-widget_type=\"heading.default\">\n\t\t\t\t<div class=\"elementor-widget-container\">\n\t\t\t\t\t<h2 class=\"elementor-heading-title elementor-size-default\">Un lieu de culture<\/h2>\t\t\t\t<\/div>\n\t\t\t\t<\/div>\n\t\t\t\t<div class=\"elementor-element elementor-element-bc9d54a elementor-widget elementor-widget-text-editor\" data-id=\"bc9d54a\" data-element_type=\"widget\" data-widget_type=\"text-editor.default\">\n\t\t\t\t<div class=\"elementor-widget-container\">\n\t\t\t\t\t\t\t\t\tMais aussi un lieu de culture avec des expositions \u00e9ph\u00e9m\u00e8res, des d\u00e9bats th\u00e9matiques, des lectures, des conf\u00e9rences sur des sujets d\u2019actualit\u00e9, un club de lecture pour les adultes, des ateliers de lecture et d\u2019\u00e9criture pour les jeunes. \t\t\t\t\t\t\t\t<\/div>\n\t\t\t\t<\/div>\n\t\t\t\t<\/div>\n\t\t<div class=\"elementor-element elementor-element-b734afd e-con-full e-flex e-con e-child\" data-id=\"b734afd\" data-element_type=\"container\">\n\t\t\t\t<div class=\"elementor-element elementor-element-2647018 elementor-widget elementor-widget-heading\" data-id=\"2647018\" data-element_type=\"widget\" data-widget_type=\"heading.default\">\n\t\t\t\t<div class=\"elementor-widget-container\">\n\t\t\t\t\t<h2 class=\"elementor-heading-title elementor-size-default\">Un lieu de partage<\/h2>\t\t\t\t<\/div>\n\t\t\t\t<\/div>\n\t\t\t\t<div class=\"elementor-element elementor-element-6640e98 elementor-widget elementor-widget-text-editor\" data-id=\"6640e98\" data-element_type=\"widget\" data-widget_type=\"text-editor.default\">\n\t\t\t\t<div class=\"elementor-widget-container\">\n\t\t\t\t\t\t\t\t\t<p>Un espace chaleureux, accueillant, au c\u0153ur du village, ouvert \u00e0 tous o\u00f9 la consultation et le pr\u00eat de livres, la lecture de magazines et de journaux, l\u2019utilisation d\u2019ordinateurs, la sollicitation de personnes ressources sont possibles.<\/p>\n<p>Des fonds sp\u00e9cialis\u00e9s sont mis \u00e0 disposition, comme des manuels d\u2019apprentissage des langues ou de l\u2019informatique, ou des essais sur les sciences humaines et le d\u00e9veloppement personnel.<\/p>\n<p>Un lieu ressources, avec \u00e9galement la pr\u00e9sence d\u2019un \u00e9crivain public, d\u2019un coach d\u2019orientation ou de vie, d\u2019un sp\u00e9cialiste informatique, de soutien scolaire.\u00a0<\/p>\t\t\t\t\t\t\t\t<\/div>\n\t\t\t\t<\/div>\n\t\t\t\t<\/div>\n\t\t\t\t\t<\/div>\n\t\t\t\t<\/div>\n\t\t<div class=\"elementor-element elementor-element-6f59cb9 e-flex e-con-boxed e-con e-parent\" data-id=\"6f59cb9\" data-element_type=\"container\">\n\t\t\t\t\t<div class=\"e-con-inner\">\n\t\t\t\t\t<\/div>\n\t\t\t\t<\/div>\n\t\t\t\t<\/div>\n\t\t","protected":false},"excerpt":{"rendered":"<p>Exposition, animation et ateliers autour de l&rsquo;univers du kimono japonais \u00e0 Briare LE CANAL soutient du 4 avril au 4 mai 2025 au ch\u00e2teau de Trousse-Barri\u00e8re \u00e0 Briare (45) une exposition pr\u00e9sent\u00e9e par Hannah KHAZNADJI et consacr\u00e9e au kimono japonais, \u00e0 travers une plong\u00e9e dans l&rsquo;univers raffin\u00e9 de ce v\u00eatement iconique. En marge de l\u2019exposition,&hellip;&nbsp;<a href=\"https:\/\/lecanal.org\/\" rel=\"bookmark\">Lire la suite &raquo;<span class=\"screen-reader-text\">Accueil<\/span><\/a><\/p>\n","protected":false},"author":1,"featured_media":0,"parent":0,"menu_order":0,"comment_status":"closed","ping_status":"closed","template":"","meta":{"neve_meta_sidebar":"","neve_meta_container":"","neve_meta_enable_content_width":"on","neve_meta_content_width":100,"neve_meta_title_alignment":"","neve_meta_author_avatar":"","neve_post_elements_order":"","neve_meta_disable_header":"","neve_meta_disable_footer":"","neve_meta_disable_title":"on","footnotes":""},"class_list":["post-7","page","type-page","status-publish","hentry"],"_links":{"self":[{"href":"https:\/\/lecanal.org\/index.php?rest_route=\/wp\/v2\/pages\/7","targetHints":{"allow":["GET"]}}],"collection":[{"href":"https:\/\/lecanal.org\/index.php?rest_route=\/wp\/v2\/pages"}],"about":[{"href":"https:\/\/lecanal.org\/index.php?rest_route=\/wp\/v2\/types\/page"}],"author":[{"embeddable":true,"href":"https:\/\/lecanal.org\/index.php?rest_route=\/wp\/v2\/users\/1"}],"replies":[{"embeddable":true,"href":"https:\/\/lecanal.org\/index.php?rest_route=%2Fwp%2Fv2%2Fcomments&post=7"}],"version-history":[{"count":58,"href":"https:\/\/lecanal.org\/index.php?rest_route=\/wp\/v2\/pages\/7\/revisions"}],"predecessor-version":[{"id":127,"href":"https:\/\/lecanal.org\/index.php?rest_route=\/wp\/v2\/pages\/7\/revisions\/127"}],"wp:attachment":[{"href":"https:\/\/lecanal.org\/index.php?rest_route=%2Fwp%2Fv2%2Fmedia&parent=7"}],"curies":[{"name":"wp","href":"https:\/\/api.w.org\/{rel}","templated":true}]}}